{"id":88,"date":"2026-03-29T19:25:12","date_gmt":"2026-03-29T19:25:12","guid":{"rendered":"https:\/\/amaterasu.dankaag.com\/?page_id=88"},"modified":"2026-04-09T20:54:51","modified_gmt":"2026-04-09T20:54:51","slug":"home","status":"publish","type":"page","link":"https:\/\/amaterasu.dankaag.com\/","title":{"rendered":"Home"},"content":{"rendered":"\t\t<div data-elementor-type=\"wp-post\" data-elementor-id=\"88\" class=\"elementor elementor-88\">\n\t\t\t\t<div class=\"elementor-element elementor-element-6c2252c e-con-full elementor-hidden-mobile e-flex e-con e-parent\" data-id=\"6c2252c\" data-element_type=\"container\" data-e-type=\"container\" data-settings=\"{&quot;background_background&quot;:&quot;slideshow&quot;,&quot;background_slideshow_gallery&quot;:[{&quot;id&quot;:367,&quot;url&quot;:&quot;https:\\\/\\\/amaterasu.dankaag.com\\\/wp-content\\\/uploads\\\/2026\\\/04\\\/Hero-logo-1920x500-1.jpg&quot;},{&quot;id&quot;:366,&quot;url&quot;:&quot;https:\\\/\\\/amaterasu.dankaag.com\\\/wp-content\\\/uploads\\\/2026\\\/04\\\/Hero-energy-1920x500-1.jpg&quot;},{&quot;id&quot;:365,&quot;url&quot;:&quot;https:\\\/\\\/amaterasu.dankaag.com\\\/wp-content\\\/uploads\\\/2026\\\/04\\\/Hero-cairn-1920x500-1.jpg&quot;},{&quot;id&quot;:368,&quot;url&quot;:&quot;https:\\\/\\\/amaterasu.dankaag.com\\\/wp-content\\\/uploads\\\/2026\\\/04\\\/Hero-relax-1920x500-1.jpg&quot;}],&quot;background_slideshow_ken_burns&quot;:&quot;yes&quot;,&quot;background_slideshow_loop&quot;:&quot;yes&quot;,&quot;background_slideshow_slide_duration&quot;:5000,&quot;background_slideshow_slide_transition&quot;:&quot;fade&quot;,&quot;background_slideshow_transition_duration&quot;:500,&quot;background_slideshow_ken_burns_zoom_direction&quot;:&quot;in&quot;}\">\n\t\t\t\t<\/div>\n\t\t<div class=\"elementor-element elementor-element-06f82ef e-con-full elementor-hidden-desktop elementor-hidden-tablet e-flex e-con e-parent\" data-id=\"06f82ef\" data-element_type=\"container\" data-e-type=\"container\" data-settings=\"{&quot;background_background&quot;:&quot;slideshow&quot;,&quot;background_slideshow_gallery&quot;:[{&quot;id&quot;:72,&quot;url&quot;:&quot;https:\\\/\\\/amaterasu.dankaag.com\\\/wp-content\\\/uploads\\\/2026\\\/03\\\/Heror-logo.jpg&quot;},{&quot;id&quot;:145,&quot;url&quot;:&quot;https:\\\/\\\/amaterasu.dankaag.com\\\/wp-content\\\/uploads\\\/2026\\\/03\\\/massage-californien-scaled.jpg&quot;},{&quot;id&quot;:263,&quot;url&quot;:&quot;https:\\\/\\\/amaterasu.dankaag.com\\\/wp-content\\\/uploads\\\/2026\\\/04\\\/pexels-hatice-baran-153179658-12867981-scaled.jpg&quot;},{&quot;id&quot;:187,&quot;url&quot;:&quot;https:\\\/\\\/amaterasu.dankaag.com\\\/wp-content\\\/uploads\\\/2026\\\/03\\\/relaxco-scaled.jpg&quot;}],&quot;background_slideshow_ken_burns&quot;:&quot;yes&quot;,&quot;background_slideshow_loop&quot;:&quot;yes&quot;,&quot;background_slideshow_slide_duration&quot;:5000,&quot;background_slideshow_slide_transition&quot;:&quot;fade&quot;,&quot;background_slideshow_transition_duration&quot;:500,&quot;background_slideshow_ken_burns_zoom_direction&quot;:&quot;in&quot;}\">\n\t\t\t\t<div class=\"elementor-element elementor-element-45381ec elementor-widget elementor-widget-heading\" data-id=\"45381ec\" data-element_type=\"widget\" data-e-type=\"widget\" data-widget_type=\"heading.default\">\n\t\t\t\t\t<h2 class=\"elementor-heading-title elementor-size-default\">Th\u00e9rapie \u00e9nerg\u00e9tique, massage relaxant et shiatsu \u00e0 Roquebruen sur Argens<\/h2>\t\t\t\t<\/div>\n\t\t\t\t<\/div>\n\t\t<div class=\"elementor-element elementor-element-d65c41d e-con-full e-flex e-con e-parent\" data-id=\"d65c41d\" data-element_type=\"container\" data-e-type=\"container\">\n\t\t\t\t<div class=\"elementor-element elementor-element-d79a169 elementor-grid-3 elementor-shape-rounded e-grid-align-center elementor-widget elementor-widget-social-icons\" data-id=\"d79a169\" data-element_type=\"widget\" data-e-type=\"widget\" data-widget_type=\"social-icons.default\">\n\t\t\t\t\t\t\t<div class=\"elementor-social-icons-wrapper elementor-grid\" role=\"list\">\n\t\t\t\t\t\t\t<span class=\"elementor-grid-item\" role=\"listitem\">\n\t\t\t\t\t<a class=\"elementor-icon elementor-social-icon elementor-social-icon-facebook elementor-repeater-item-86c0a31\" target=\"_blank\">\n\t\t\t\t\t\t<span class=\"elementor-screen-only\">Facebook<\/span>\n\t\t\t\t\t\t<svg aria-hidden=\"true\" class=\"e-font-icon-svg e-fab-facebook\" viewBox=\"0 0 512 512\" xmlns=\"http:\/\/www.w3.org\/2000\/svg\"><path d=\"M504 256C504 119 393 8 256 8S8 119 8 256c0 123.78 90.69 226.38 209.25 245V327.69h-63V256h63v-54.64c0-62.15 37-96.48 93.67-96.48 27.14 0 55.52 4.84 55.52 4.84v61h-31.28c-30.8 0-40.41 19.12-40.41 38.73V256h68.78l-11 71.69h-57.78V501C413.31 482.38 504 379.78 504 256z\"><\/path><\/svg>\t\t\t\t\t<\/a>\n\t\t\t\t<\/span>\n\t\t\t\t\t\t\t<span class=\"elementor-grid-item\" role=\"listitem\">\n\t\t\t\t\t<a class=\"elementor-icon elementor-social-icon elementor-social-icon-instagram elementor-repeater-item-713242c\" target=\"_blank\">\n\t\t\t\t\t\t<span class=\"elementor-screen-only\">Instagram<\/span>\n\t\t\t\t\t\t<svg aria-hidden=\"true\" class=\"e-font-icon-svg e-fab-instagram\" viewBox=\"0 0 448 512\" xmlns=\"http:\/\/www.w3.org\/2000\/svg\"><path d=\"M224.1 141c-63.6 0-114.9 51.3-114.9 114.9s51.3 114.9 114.9 114.9S339 319.5 339 255.9 287.7 141 224.1 141zm0 189.6c-41.1 0-74.7-33.5-74.7-74.7s33.5-74.7 74.7-74.7 74.7 33.5 74.7 74.7-33.6 74.7-74.7 74.7zm146.4-194.3c0 14.9-12 26.8-26.8 26.8-14.9 0-26.8-12-26.8-26.8s12-26.8 26.8-26.8 26.8 12 26.8 26.8zm76.1 27.2c-1.7-35.9-9.9-67.7-36.2-93.9-26.2-26.2-58-34.4-93.9-36.2-37-2.1-147.9-2.1-184.9 0-35.8 1.7-67.6 9.9-93.9 36.1s-34.4 58-36.2 93.9c-2.1 37-2.1 147.9 0 184.9 1.7 35.9 9.9 67.7 36.2 93.9s58 34.4 93.9 36.2c37 2.1 147.9 2.1 184.9 0 35.9-1.7 67.7-9.9 93.9-36.2 26.2-26.2 34.4-58 36.2-93.9 2.1-37 2.1-147.8 0-184.8zM398.8 388c-7.8 19.6-22.9 34.7-42.6 42.6-29.5 11.7-99.5 9-132.1 9s-102.7 2.6-132.1-9c-19.6-7.8-34.7-22.9-42.6-42.6-11.7-29.5-9-99.5-9-132.1s-2.6-102.7 9-132.1c7.8-19.6 22.9-34.7 42.6-42.6 29.5-11.7 99.5-9 132.1-9s102.7-2.6 132.1 9c19.6 7.8 34.7 22.9 42.6 42.6 11.7 29.5 9 99.5 9 132.1s2.7 102.7-9 132.1z\"><\/path><\/svg>\t\t\t\t\t<\/a>\n\t\t\t\t<\/span>\n\t\t\t\t\t\t\t<span class=\"elementor-grid-item\" role=\"listitem\">\n\t\t\t\t\t<a class=\"elementor-icon elementor-social-icon elementor-social-icon-linkedin elementor-repeater-item-7e4f321\" target=\"_blank\">\n\t\t\t\t\t\t<span class=\"elementor-screen-only\">Linkedin<\/span>\n\t\t\t\t\t\t<svg aria-hidden=\"true\" class=\"e-font-icon-svg e-fab-linkedin\" viewBox=\"0 0 448 512\" xmlns=\"http:\/\/www.w3.org\/2000\/svg\"><path d=\"M416 32H31.9C14.3 32 0 46.5 0 64.3v383.4C0 465.5 14.3 480 31.9 480H416c17.6 0 32-14.5 32-32.3V64.3c0-17.8-14.4-32.3-32-32.3zM135.4 416H69V202.2h66.5V416zm-33.2-243c-21.3 0-38.5-17.3-38.5-38.5S80.9 96 102.2 96c21.2 0 38.5 17.3 38.5 38.5 0 21.3-17.2 38.5-38.5 38.5zm282.1 243h-66.4V312c0-24.8-.5-56.7-34.5-56.7-34.6 0-39.9 27-39.9 54.9V416h-66.4V202.2h63.7v29.2h.9c8.9-16.8 30.6-34.5 62.9-34.5 67.2 0 79.7 44.3 79.7 101.9V416z\"><\/path><\/svg>\t\t\t\t\t<\/a>\n\t\t\t\t<\/span>\n\t\t\t\t\t<\/div>\n\t\t\t\t\t\t<\/div>\n\t\t<div class=\"elementor-element elementor-element-aa4158a e-con-full e-flex e-con e-child\" data-id=\"aa4158a\" data-element_type=\"container\" data-e-type=\"container\">\n\t\t\t\t<div class=\"elementor-element elementor-element-0c881f4 elementor-widget elementor-widget-text-editor\" data-id=\"0c881f4\" data-element_type=\"widget\" data-e-type=\"widget\" data-widget_type=\"text-editor.default\">\n\t\t\t\t\t\t\t\t\t<p>Si vous ressentez le besoin de <strong>r\u00e9\u00e9quilibrer vos \u00e9nergies<\/strong> et de retrouver une <strong>harmonie int\u00e9rieure<\/strong>, vous \u00eates au bon endroit.<\/p><p>Le stress et la fatigue font partie int\u00e9grante de notre vie quotidienne.<\/p><p>Retrouvez\u00a0<strong>calme, s\u00e9r\u00e9nit\u00e9 <\/strong>et \u00e9nergie\u00a0en prenant soin de vous. Accordez-vous<strong>\u00a0un moment de d\u00e9tente profond et revitalisant.<\/strong><\/p>\t\t\t\t\t\t\t\t<\/div>\n\t\t\t\t<div class=\"elementor-element elementor-element-fc01443 elementor-invisible elementor-widget elementor-widget-text-editor\" data-id=\"fc01443\" data-element_type=\"widget\" data-e-type=\"widget\" data-settings=\"{&quot;_animation&quot;:&quot;bounceInUp&quot;,&quot;_animation_delay&quot;:500}\" data-widget_type=\"text-editor.default\">\n\t\t\t\t\t\t\t\t\t<p>Un instant de Pure Relaxation<\/p>\t\t\t\t\t\t\t\t<\/div>\n\t\t\t\t<\/div>\n\t\t<div class=\"elementor-element elementor-element-8238460 e-con-full e-flex e-con e-child\" data-id=\"8238460\" data-element_type=\"container\" data-e-type=\"container\">\n\t\t\t\t<div class=\"elementor-element elementor-element-051cf35 elementor-widget elementor-widget-image\" data-id=\"051cf35\" data-element_type=\"widget\" data-e-type=\"widget\" data-widget_type=\"image.default\">\n\t\t\t\t\t\t\t\t\t\t\t\t\t\t\t<img fetchpriority=\"high\" decoding=\"async\" width=\"300\" height=\"200\" src=\"https:\/\/amaterasu.dankaag.com\/wp-content\/uploads\/2026\/03\/lina-trochez-ktPKyUs3Qjs-unsplash-300x200.jpg\" class=\"attachment-medium size-medium wp-image-59\" alt=\"\" srcset=\"https:\/\/amaterasu.dankaag.com\/wp-content\/uploads\/2026\/03\/lina-trochez-ktPKyUs3Qjs-unsplash-300x200.jpg 300w, https:\/\/amaterasu.dankaag.com\/wp-content\/uploads\/2026\/03\/lina-trochez-ktPKyUs3Qjs-unsplash-1024x684.jpg 1024w, https:\/\/amaterasu.dankaag.com\/wp-content\/uploads\/2026\/03\/lina-trochez-ktPKyUs3Qjs-unsplash-768x513.jpg 768w, https:\/\/amaterasu.dankaag.com\/wp-content\/uploads\/2026\/03\/lina-trochez-ktPKyUs3Qjs-unsplash-1536x1025.jpg 1536w, https:\/\/amaterasu.dankaag.com\/wp-content\/uploads\/2026\/03\/lina-trochez-ktPKyUs3Qjs-unsplash-2048x1367.jpg 2048w\" sizes=\"(max-width: 300px) 100vw, 300px\" \/>\t\t\t\t\t\t\t\t\t\t\t\t\t\t\t<\/div>\n\t\t<div class=\"elementor-element elementor-element-7c37234 e-con-full e-flex e-con e-child\" data-id=\"7c37234\" data-element_type=\"container\" data-e-type=\"container\">\n\t\t\t\t<div class=\"elementor-element elementor-element-cb8f0a8 elementor-widget elementor-widget-text-editor\" data-id=\"cb8f0a8\" data-element_type=\"widget\" data-e-type=\"widget\" data-widget_type=\"text-editor.default\">\n\t\t\t\t\t\t\t\t\t<p>Prestation non m\u00e9dicale<\/p>\t\t\t\t\t\t\t\t<\/div>\n\t\t\t\t<\/div>\n\t\t\t\t<\/div>\n\t\t\t\t<\/div>\n\t\t<div class=\"elementor-element elementor-element-678dd43 e-grid e-con-boxed e-con e-parent\" data-id=\"678dd43\" data-element_type=\"container\" data-e-type=\"container\">\n\t\t\t\t\t<div class=\"e-con-inner\">\n\t\t<div class=\"elementor-element elementor-element-97bbd6c e-con-full e-flex e-con e-child\" data-id=\"97bbd6c\" data-element_type=\"container\" data-e-type=\"container\">\n\t\t\t\t<div class=\"elementor-element elementor-element-b5218e5 e-transform elementor-position-top elementor-widget elementor-widget-image-box\" data-id=\"b5218e5\" data-element_type=\"widget\" data-e-type=\"widget\" data-settings=\"{&quot;_transform_scale_effect_hover&quot;:{&quot;unit&quot;:&quot;px&quot;,&quot;size&quot;:1.100000000000000088817841970012523233890533447265625,&quot;sizes&quot;:[]},&quot;_transform_scale_effect_hover_tablet&quot;:{&quot;unit&quot;:&quot;px&quot;,&quot;size&quot;:&quot;&quot;,&quot;sizes&quot;:[]},&quot;_transform_scale_effect_hover_mobile&quot;:{&quot;unit&quot;:&quot;px&quot;,&quot;size&quot;:&quot;&quot;,&quot;sizes&quot;:[]}}\" data-widget_type=\"image-box.default\">\n\t\t\t\t\t<div class=\"elementor-image-box-wrapper\"><figure class=\"elementor-image-box-img\"><img decoding=\"async\" width=\"1920\" height=\"2560\" src=\"https:\/\/amaterasu.dankaag.com\/wp-content\/uploads\/2026\/04\/header-relaxant-cropped-scaled.jpg\" class=\"attachment-full size-full wp-image-302\" alt=\"\" srcset=\"https:\/\/amaterasu.dankaag.com\/wp-content\/uploads\/2026\/04\/header-relaxant-cropped-scaled.jpg 1920w, https:\/\/amaterasu.dankaag.com\/wp-content\/uploads\/2026\/04\/header-relaxant-cropped-225x300.jpg 225w, https:\/\/amaterasu.dankaag.com\/wp-content\/uploads\/2026\/04\/header-relaxant-cropped-768x1024.jpg 768w, https:\/\/amaterasu.dankaag.com\/wp-content\/uploads\/2026\/04\/header-relaxant-cropped-1152x1536.jpg 1152w, https:\/\/amaterasu.dankaag.com\/wp-content\/uploads\/2026\/04\/header-relaxant-cropped-1536x2048.jpg 1536w\" sizes=\"(max-width: 1920px) 100vw, 1920px\" \/><\/figure><div class=\"elementor-image-box-content\"><h3 class=\"elementor-image-box-title\">Massages Relaxants<\/h3><p class=\"elementor-image-box-description\">D\u00e9couvrez les diff\u00e9rents massages propos\u00e9s par \u00c9dith pour un moment de d\u00e9tente et un bien-\u00eatre durable.<\/p><\/div><\/div>\t\t\t\t<\/div>\n\t\t\t\t<div class=\"elementor-element elementor-element-d46d25a elementor-align-center elementor-widget elementor-widget-button\" data-id=\"d46d25a\" data-element_type=\"widget\" data-e-type=\"widget\" data-widget_type=\"button.default\">\n\t\t\t\t\t\t\t\t\t\t<a class=\"elementor-button elementor-button-link elementor-size-sm\" href=\"https:\/\/amaterasu.dankaag.com\/index.php\/massages-relaxants\/\">\n\t\t\t\t\t\t<span class=\"elementor-button-content-wrapper\">\n\t\t\t\t\t\t\t\t\t<span class=\"elementor-button-text\">En savoir plus...<\/span>\n\t\t\t\t\t<\/span>\n\t\t\t\t\t<\/a>\n\t\t\t\t\t\t\t\t<\/div>\n\t\t\t\t<\/div>\n\t\t<div class=\"elementor-element elementor-element-ffd92c3 e-con-full e-flex e-con e-child\" data-id=\"ffd92c3\" data-element_type=\"container\" data-e-type=\"container\">\n\t\t\t\t<div class=\"elementor-element elementor-element-5c5606a e-transform elementor-position-top elementor-widget elementor-widget-image-box\" data-id=\"5c5606a\" data-element_type=\"widget\" data-e-type=\"widget\" data-settings=\"{&quot;_transform_scale_effect_hover&quot;:{&quot;unit&quot;:&quot;px&quot;,&quot;size&quot;:1.100000000000000088817841970012523233890533447265625,&quot;sizes&quot;:[]},&quot;_transform_scale_effect_hover_tablet&quot;:{&quot;unit&quot;:&quot;px&quot;,&quot;size&quot;:&quot;&quot;,&quot;sizes&quot;:[]},&quot;_transform_scale_effect_hover_mobile&quot;:{&quot;unit&quot;:&quot;px&quot;,&quot;size&quot;:&quot;&quot;,&quot;sizes&quot;:[]}}\" data-widget_type=\"image-box.default\">\n\t\t\t\t\t<div class=\"elementor-image-box-wrapper\"><figure class=\"elementor-image-box-img\"><img decoding=\"async\" width=\"1920\" height=\"2560\" src=\"https:\/\/amaterasu.dankaag.com\/wp-content\/uploads\/2026\/04\/header-energie-cropped--scaled.jpg\" class=\"attachment-full size-full wp-image-301\" alt=\"\" srcset=\"https:\/\/amaterasu.dankaag.com\/wp-content\/uploads\/2026\/04\/header-energie-cropped--scaled.jpg 1920w, https:\/\/amaterasu.dankaag.com\/wp-content\/uploads\/2026\/04\/header-energie-cropped--225x300.jpg 225w, https:\/\/amaterasu.dankaag.com\/wp-content\/uploads\/2026\/04\/header-energie-cropped--768x1024.jpg 768w, https:\/\/amaterasu.dankaag.com\/wp-content\/uploads\/2026\/04\/header-energie-cropped--1152x1536.jpg 1152w, https:\/\/amaterasu.dankaag.com\/wp-content\/uploads\/2026\/04\/header-energie-cropped--1536x2048.jpg 1536w\" sizes=\"(max-width: 1920px) 100vw, 1920px\" \/><\/figure><div class=\"elementor-image-box-content\"><h3 class=\"elementor-image-box-title\">Harmonisation \u00c9nerg\u00e9tique<\/h3><p class=\"elementor-image-box-description\">Soin Reiki ou massage \u00e9nerg\u00e9tique, ils permettent  de r\u00e9tablir l'harmonie entre le corps et l'esprit en canalisant l'\u00e9nergie vitale.<\/p><\/div><\/div>\t\t\t\t<\/div>\n\t\t\t\t<div class=\"elementor-element elementor-element-dbf55db elementor-align-center elementor-widget elementor-widget-button\" data-id=\"dbf55db\" data-element_type=\"widget\" data-e-type=\"widget\" data-widget_type=\"button.default\">\n\t\t\t\t\t\t\t\t\t\t<a class=\"elementor-button elementor-button-link elementor-size-sm\" href=\"https:\/\/amaterasu.dankaag.com\/index.php\/harmonisation-energetique\/\">\n\t\t\t\t\t\t<span class=\"elementor-button-content-wrapper\">\n\t\t\t\t\t\t\t\t\t<span class=\"elementor-button-text\">En savoir plus...<\/span>\n\t\t\t\t\t<\/span>\n\t\t\t\t\t<\/a>\n\t\t\t\t\t\t\t\t<\/div>\n\t\t\t\t<\/div>\n\t\t<div class=\"elementor-element elementor-element-ebde5c3 e-con-full e-flex e-con e-child\" data-id=\"ebde5c3\" data-element_type=\"container\" data-e-type=\"container\">\n\t\t\t\t<div class=\"elementor-element elementor-element-8f07d5a e-transform elementor-position-top elementor-widget elementor-widget-image-box\" data-id=\"8f07d5a\" data-element_type=\"widget\" data-e-type=\"widget\" data-settings=\"{&quot;_transform_scale_effect_hover&quot;:{&quot;unit&quot;:&quot;px&quot;,&quot;size&quot;:1.100000000000000088817841970012523233890533447265625,&quot;sizes&quot;:[]},&quot;_transform_scale_effect_hover_tablet&quot;:{&quot;unit&quot;:&quot;px&quot;,&quot;size&quot;:&quot;&quot;,&quot;sizes&quot;:[]},&quot;_transform_scale_effect_hover_mobile&quot;:{&quot;unit&quot;:&quot;px&quot;,&quot;size&quot;:&quot;&quot;,&quot;sizes&quot;:[]}}\" data-widget_type=\"image-box.default\">\n\t\t\t\t\t<div class=\"elementor-image-box-wrapper\"><figure class=\"elementor-image-box-img\"><img loading=\"lazy\" decoding=\"async\" width=\"1920\" height=\"2560\" src=\"https:\/\/amaterasu.dankaag.com\/wp-content\/uploads\/2026\/04\/header-specifique-cropped-scaled.jpg\" class=\"attachment-full size-full wp-image-303\" alt=\"\" srcset=\"https:\/\/amaterasu.dankaag.com\/wp-content\/uploads\/2026\/04\/header-specifique-cropped-scaled.jpg 1920w, https:\/\/amaterasu.dankaag.com\/wp-content\/uploads\/2026\/04\/header-specifique-cropped-225x300.jpg 225w, https:\/\/amaterasu.dankaag.com\/wp-content\/uploads\/2026\/04\/header-specifique-cropped-768x1024.jpg 768w, https:\/\/amaterasu.dankaag.com\/wp-content\/uploads\/2026\/04\/header-specifique-cropped-1152x1536.jpg 1152w, https:\/\/amaterasu.dankaag.com\/wp-content\/uploads\/2026\/04\/header-specifique-cropped-1536x2048.jpg 1536w\" sizes=\"(max-width: 1920px) 100vw, 1920px\" \/><\/figure><div class=\"elementor-image-box-content\"><h3 class=\"elementor-image-box-title\">Massages Sp\u00e9cifiques<\/h3><p class=\"elementor-image-box-description\">De la R\u00e9flexologie Plantaire au Shiatsu, Edith sait allier les techniques modernes occidentales et traditionnelles orientales. <\/p><\/div><\/div>\t\t\t\t<\/div>\n\t\t\t\t<div class=\"elementor-element elementor-element-706e528 elementor-align-center elementor-widget elementor-widget-button\" data-id=\"706e528\" data-element_type=\"widget\" data-e-type=\"widget\" data-widget_type=\"button.default\">\n\t\t\t\t\t\t\t\t\t\t<a class=\"elementor-button elementor-button-link elementor-size-sm\" href=\"https:\/\/amaterasu.dankaag.com\/index.php\/massages-specifiques\/\">\n\t\t\t\t\t\t<span class=\"elementor-button-content-wrapper\">\n\t\t\t\t\t\t\t\t\t<span class=\"elementor-button-text\">En savoir plus...<\/span>\n\t\t\t\t\t<\/span>\n\t\t\t\t\t<\/a>\n\t\t\t\t\t\t\t\t<\/div>\n\t\t\t\t<\/div>\n\t\t\t\t\t<\/div>\n\t\t\t\t<\/div>\n\t\t<div class=\"elementor-element elementor-element-b5a3331 e-flex e-con-boxed e-con e-parent\" data-id=\"b5a3331\" data-element_type=\"container\" data-e-type=\"container\">\n\t\t\t\t\t<div class=\"e-con-inner\">\n\t\t\t\t<div class=\"elementor-element elementor-element-06f2c29 elementor-alert-warning elementor-widget elementor-widget-alert\" data-id=\"06f2c29\" data-element_type=\"widget\" data-e-type=\"widget\" data-widget_type=\"alert.default\">\n\t\t\t\t\t\t\t<div class=\"elementor-alert\" role=\"alert\">\n\n\t\t\t\t\t\t<span class=\"elementor-alert-title\">Une pr\u00e9cision s'impose....<\/span>\n\t\t\t\n\t\t\t\t\t\t<span class=\"elementor-alert-description\">Aucun massage \u00e0 caract\u00e8re sexuel  n'est pratiqu\u00e9 dans cet \u00e9tablissement !<\/span>\n\t\t\t\n\t\t\t\t\t\t<button type=\"button\" class=\"elementor-alert-dismiss\" aria-label=\"Ignorer cette alerte.\">\n\t\t\t\t\t\t\t\t\t<span aria-hidden=\"true\">&times;<\/span>\n\t\t\t\t\t\t\t<\/button>\n\t\t\t\n\t\t<\/div>\n\t\t\t\t\t\t<\/div>\n\t\t\t\t\t<\/div>\n\t\t\t\t<\/div>\n\t\t\t\t<\/div>\n\t\t","protected":false},"excerpt":{"rendered":"<p>Th\u00e9rapie \u00e9nerg\u00e9tique, massage relaxant et shiatsu \u00e0 Roquebruen sur Argens Facebook Instagram Linkedin Si vous ressentez le besoin de r\u00e9\u00e9quilibrer vos \u00e9nergies et de retrouver une harmonie int\u00e9rieure, vous \u00eates au bon endroit. Le stress et la fatigue font partie int\u00e9grante de notre vie quotidienne. Retrouvez\u00a0calme, s\u00e9r\u00e9nit\u00e9 et \u00e9nergie\u00a0en prenant soin de vous. Accordez-vous\u00a0un moment [&hellip;]<\/p>\n","protected":false},"author":1,"featured_media":0,"parent":0,"menu_order":0,"comment_status":"closed","ping_status":"closed","template":"elementor_header_footer","meta":{"footnotes":""},"class_list":["post-88","page","type-page","status-publish","hentry"],"_links":{"self":[{"href":"https:\/\/amaterasu.dankaag.com\/index.php\/wp-json\/wp\/v2\/pages\/88","targetHints":{"allow":["GET"]}}],"collection":[{"href":"https:\/\/amaterasu.dankaag.com\/index.php\/wp-json\/wp\/v2\/pages"}],"about":[{"href":"https:\/\/amaterasu.dankaag.com\/index.php\/wp-json\/wp\/v2\/types\/page"}],"author":[{"embeddable":true,"href":"https:\/\/amaterasu.dankaag.com\/index.php\/wp-json\/wp\/v2\/users\/1"}],"replies":[{"embeddable":true,"href":"https:\/\/amaterasu.dankaag.com\/index.php\/wp-json\/wp\/v2\/comments?post=88"}],"version-history":[{"count":124,"href":"https:\/\/amaterasu.dankaag.com\/index.php\/wp-json\/wp\/v2\/pages\/88\/revisions"}],"predecessor-version":[{"id":387,"href":"https:\/\/amaterasu.dankaag.com\/index.php\/wp-json\/wp\/v2\/pages\/88\/revisions\/387"}],"wp:attachment":[{"href":"https:\/\/amaterasu.dankaag.com\/index.php\/wp-json\/wp\/v2\/media?parent=88"}],"curies":[{"name":"wp","href":"https:\/\/api.w.org\/{rel}","templated":true}]}}